ist the prime factors of 7938.
2, 3, 7
What are the prime factors of 49266?
2, 3, 7, 17, 23
What are the prime factors of 53806?
2, 26903
What are the prime factors of 14989?
13, 1153
What are the prime factors of 771?
3, 257
List the prime factors of 36861.
3, 11, 1117
List the prime factors of 12143.
12143
What are the prime factors of 936?
2, 3, 13
What are the prime factors of 3621?
3, 17, 71
List the prime factors of 11395.
5, 43, 53
List the prime factors of 1917.
3, 71
What are the prime factors of 85307?
23, 3709
What are the prime factors of 23197?
23197
List the prime factors of 6526.
2, 13, 251
List the prime factors of 1403.
23, 61
What are the prime factors of 2960?
2, 5, 37
List the prime factors of 3544.
2, 443
List the prime factors of 1311.
3, 19, 23
List the prime factors of 5153.
5153
What are the prime factors of 562?
2, 281
What are the prime factors of 14948?
2, 37, 101
List the prime factors of 12693.
3, 4231
List the prime factors of 6535.
5, 1307
List the prime factors of 3363.
3, 19, 59
What are the prime factors of 652?
2, 163
List the prime factors of 22429.
11, 2039
What are the prime factors of 39167?
53, 739
List the prime factors of 419.
419
What are the prime factors of 95011?
7, 277
List the prime factors of 596.
2, 149
What are the prime factors of 567?
3, 7
List the prime factors of 8956.
2, 2239
What are the prime factors of 1187?
1187
What are the prime factors of 937?
937
List the prime factors of 15526.
2, 7, 1109
What are the prime factors of 5990?
2, 5, 599
List the prime factors of 19450.
2, 5, 389
List the prime factors of 5244.
2, 3, 19, 23
List the prime factors of 40564.
2, 10141
What are the prime factors of 101926?
2, 11, 41, 113
List the prime factors of 15617.
7, 23, 97
List the prime factors of 8087.
8087
List the prime factors of 849.
3, 283
What are the prime factors of 1081?
23, 47
List the prime factors of 25600.
2, 5
List the prime factors of 18006.
2, 3, 3001
What are the prime factors of 655?
5, 131
List the prime factors of 1741.
1741
What are the prime factors of 1064?
2, 7, 19
What are the prime factors of 17999?
41, 439
What are the prime factors of 1109?
1109
List the prime factors of 23685.
3, 5, 1579
List the prime factors of 680.
2, 5, 17
List the prime factors of 2247.
3, 7, 107
List the prime factors of 4352.
2, 17
List the prime factors of 53059.
97, 547
What are the prime factors of 6880?
2, 5, 43
List the prime factors of 89580.
2, 3, 5, 1493
What are the prime factors of 835?
5, 167
What are the prime factors of 2367?
3, 263
What are the prime factors of 1161?
3, 43
What are the prime factors of 1230?
2, 3, 5, 41
List the prime factors of 7424.
2, 29
What are the prime factors of 1130?
2, 5, 113
What are the prime factors of 24752?
2, 7, 13, 17
What are the prime factors of 12791?
12791
What are the prime factors of 1121?
19, 59
What are the prime factors of 14994?
2, 3, 7, 17
What are the prime factors of 100320?
2, 3, 5, 11, 19
List the prime factors of 930.
2, 3, 5, 31
What are the prime factors of 833?
7, 17
What are the prime factors of 797?
797
What are the prime factors of 12829?
12829
What are the prime factors of 857?
857
What are the prime factors of 34854?
2, 3, 37, 157
List the prime factors of 7430.
2, 5, 743
List the prime factors of 13826.
2, 31, 223
What are the prime factors of 2491?
47, 53
List the prime factors of 1994.
2, 997
List the prime factors of 71813.
7, 10259
What are the prime factors of 5213?
13, 401
What are the prime factors of 2614?
2, 1307
What are the prime factors of 7454?
2, 3727
What are the prime factors of 348?
2, 3, 29
List the prime factors of 87967.
11, 727
List the prime factors of 22625.
5, 181
List the prime factors of 19343.
23, 29
What are the prime factors of 3128?
2, 17, 23
List the prime factors of 2052.
2, 3, 19
What are the prime factors of 750?
2, 3, 5
List the prime factors of 22486.
2, 11243
What are the prime factors of 7458?
2, 3, 11, 113
List the prime factors of 888.
2, 3, 37
What are the prime factors of 3610?
2, 5, 19
List the prime factors of 107980.
2, 5, 5399
List the prime factors of 4625.
5, 37
What are the prime factors of 9103?
9103
List the prime factors of 22274.
2, 7, 37, 43
What are the prime factors of 1446?
2, 3, 241
What are the prime factors of 1866?
2, 3, 311
List the prime factors of 20654.
2, 23, 449
What are the prime factors of 4588?
2, 31, 37
What are the prime factors of 78?
2, 3, 13
What are the prime factors of 77382?
2, 3, 1433
What are the prime factors of 73?
73
What are the prime factors of 77946?
2, 3, 11, 1181
List the prime factors of 16755.
3, 5, 1117
What are the prime factors of 935?
5, 11, 17
List the prime factors of 31235.
5, 6247
What are the prime factors of 34265?
5, 7, 11, 89
List the prime factors of 3176.
2, 397
List the prime factors of 3177.
3, 353
What are the prime factors of 6415?
5, 1283
What are the prime factors of 3623?
3623
List the prime factors of 2967.
3, 23, 43
What are the prime factors of 6850?
2, 5, 137
List the prime factors of 3097.
19, 163
What are the prime factors of 7921?
89
List the prime factors of 3.
3
List the prime factors of 5703.
3, 1901
List the prime factors of 9963.
3, 41
List the prime factors of 51170.
2, 5, 7, 17, 43
What are the prime factors of 8971?
8971
What are the prime factors of 5557?
5557
List the prime factors of 6038.
2, 3019
What are the prime factors of 141825?
3, 5, 31, 61
What are the prime factors of 1031?
1031
List the prime factors of 34844.
2, 31, 281
What are the prime factors of 806?
2, 13, 31
List the prime factors of 4365.
3, 5, 97
What are the prime factors of 12015?
3, 5, 89
What are the prime factors of 4596?
2, 3, 383
List the prime factors of 10290.
2, 3, 5, 7
What are the prime factors of 30747?
3, 37, 277
List the prime factors of 28172.
2, 7043
List the prime factors of 80440.
2, 5, 2011
List the prime factors of 650.
2, 5, 13
List the prime factors of 17934.
2, 3, 7, 61
What are the prime factors of 15795?
3, 5, 13
What are the prime factors of 14436?
2, 3, 401
List the prime factors of 5525.
5, 13, 17
What are the prime factors of 1514?
2, 757
List the prime factors of 1341.
3, 149
List the prime factors of 25.
5
What are the prime factors of 10751?
13, 827
List the prime factors of 656.
2, 41
What are the prime factors of 8465?
5, 1693
What are the prime factors of 367?
367
What are the prime factors of 984?
2, 3, 41
List the prime factors of 1173.
3, 17, 23
List the prime factors of 484.
2, 11
What are the prime factors of 14809?
59, 251
List the prime factors of 7393.
7393
What are the prime factors of 6932?
2, 1733
List the prime factors of 885.
3, 5, 59
What are the prime factors of 70904?
2, 8863
What are the prime factors of 10895?
5, 2179
What are the prime factors of 5016?
2, 3, 11, 19
List the prime factors of 42131.
42131
List the prime factors of 529.
23
List the prime factors of 74685.
3, 5, 13, 383
What are the prime factors of 26082?
2, 3, 7, 23
List the prime factors of 55789.
47, 1187
What are the prime factors of 8231?
8231
What are the prime factors of 744?
2, 3, 31
List the prime factors of 22289.
31, 719
What are the prime factors of 13296?
2, 3, 277
What are the prime factors of 5448?
2, 3, 227
What are the prime factors of 2986?
2, 1493
List the prime factors of 1461.
3, 487
List the prime factors of 1625.
5, 13
What are the prime factors of 11111?
41, 271
What are the prime factors of 2040?
2, 3, 5, 17
What are the prime factors of 200?
2, 5
List the prime factors of 3526.
2, 41, 43
List the prime factors of 105215.
5, 11, 1913
What are the prime factors of 16054?
2, 23, 349
List the prime factors of 2530.
2, 5, 11, 23
List the prime factors of 3499.
3499
List the prime factors of 1503.
3, 167
List the prime factors of 274.
2, 137
What are the prime factors of 3341?
13, 257
List the prime factors of 379.
379
What are the prime factors of 8841?
3, 7, 421
What are the prime factors of 2385?
3, 5, 53
List the prime factors of 54541.
54541
List the prime factors of 48830.
2, 5, 19, 257
List the prime factors of 11073.
3, 3691
List the prime factors of 6110.
2, 5, 13, 47
List the prime factors of 17854.
2, 79, 113
What are the prime factors of 5761?
7, 823
List the prime factor